prime factors of u(j).
2, 5
Let s(j) = 401*j - 1835. What are the prime factors of s(41)?
2, 67, 109
Suppose 4*r - 79421 = -17273. What are the prime factors of r?
3, 5179
Let h(n) = -n**3 - 42*n**2 - 148*n + 105. List the prime factors of h(-39).
2, 3, 73
Let f(o) = 2*o + 9. Suppose 9*q - 4*q + 2*g - 45 = 0, -58 = -3*q + 5*g. Let d be f(q). Let k = d - -15. What are the prime factors of k?
2, 23
Let b(l) = -11*l - 58. Let o be b(-6). Suppose 0 = -11*h + o*h + 3831. What are the prime factors of h?
1277
Suppose 0 = 2*c + w + 15019 - 90258, 0 = -w - 3. What are the prime factors of c?
17, 2213
Suppose -18*x + 3*x + 2*x = 0. Suppose -2*b + 10 = 2*u - x*b, 2*u - 10 = 3*b. Let j = u + 9. What are the prime factors of j?
2, 7
Suppose -25985 = -5*j + 9*z - 4*z, -3*j = -z - 15601. List the prime factors of j.
2, 3, 17
Let b(f) = -2*f**3 + 11*f**2 + 7*f + 40. Let x be b(9). Let p = 810 + x. What are the prime factors of p?
2, 173
Suppose 29430 = g - 4*i, 70*g - 88360 = 67*g + 2*i. List the prime factors of g.
2, 11, 13, 103
Suppose 0 = 5*x - 3*v - 115790, 5*x + 4*v + 7248 = 123038. What are the prime factors of x?
2, 11579
Suppose 3*u - 4*b = 18, -2*b = -5*u + 3*b + 25. Suppose 5*a = u*a - 4*d + 1981, -4*a = -5*d - 2693. List the prime factors of a.
23, 29
Suppose 0 = -28*o - 43070 - 55434. What are the prime factors of o/(-12) - (-3)/(-18) - 2?
3, 97
Let v = -2733 + 5705. What are the prime factors of v?
2, 743
Suppose 14*r = 11*r + 9. Suppose 816 = -3*n + 5*n + r*g, g = -3*n + 1238. List the prime factors of n.
2, 3, 23
List the prime factors of ((-14)/(-36))/7 + 1517/(-738) - -6103.
6101
Let f(x) = -15*x**2 + 91*x - 6. Let v be f(14). Let y = v + 2995. What are the prime factors of y?
3, 7
Let j = -2089 - -10497. List the prime factors of j.
2, 1051
What are the prime factors of 459634/30 - 9*54/3645?
3, 5107
Suppose 0 = -4*k + 7231 + 29909. Suppose -4*w = -19*w + k. What are the prime factors of w?
619
Suppose 21*m - 1140 = -1035. Let g be 5/(-2)*(-16)/20. Suppose -826 = -m*j + r, 352 = -g*j + 4*j + 5*r. List the prime factors of j.
2, 83
Suppose 0 = 5*y + 4*l - 175, -70 = -2*y - 0*l - 3*l. List the prime factors of 2 + 1 - (-1513 - y).
3, 11, 47
Let b(z) = 223*z**3 + 2*z. List the prime factors of b(4).
2, 3, 5, 7, 17
Suppose 5*i - 12*w = -15*w + 234098, 0 = 2*w + 8. What are the prime factors of i?
2, 41, 571
Let w be (2/4)/(-2 + 3)*-8. Let r(m) = -52*m + 36. Let z(b) = 53*b - 38. Let l(u) = 4*r(u) + 3*z(u). What are the prime factors of l(w)?
2, 113
Let v(r) = -8*r - 11. Let d be v(-6). Let n = 99 - d. Suppose -n*g = -57*g - 370. What are the prime factors of g?
2, 37
What are the prime factors of (-11)/((-880)/1728)*1565?
2, 3, 313
Suppose -4*t - 3*w = -1, -4*t = 5*w - 0 + 1. Let g be 1*(2 + 1) - t. Suppose 90 = 3*q + g*q. List the prime factors of q.
2, 3
List the prime factors of (-128)/80 - ((-718772)/20 + 0).
3, 11
List the prime factors of 8/22 + -19 + (-9515427)/(-187).
2, 29, 877
Suppose 46*u = 24*u + 197384. What are the prime factors of u?
2, 2243
List the prime factors of (10508/(-12))/(5/(-15)) + -6.
2621
Let p = 14887 - 10086. What are the prime factors of p?
4801
Let x(z) = -120*z**2 - 4*z + 23. Suppose -64 = 6*i - 14*i. Let q be x(i). List the prime factors of (-1)/(-4) - q/44.
5, 7
Let k be (-2 - 1)*(-60)/36. Suppose -k*w - 2597 = -7*w - 3*h, -4*h = -w + 1326. What are the prime factors of w?
2, 653
Let b = 447 + -437. Suppose b*w = 27*w - 19142. What are the prime factors of w?
2, 563
List the prime factors of 1/(-5*7/(-12670)).
2, 181
Suppose 4*q + 279 = -5*j, -3*q - 5*j - 301 + 88 = 0. Let f = -9 - q. What are the prime factors of f?
3, 19
Let p be (565 - 3) + 5 + 7. Suppose -4*x + 21*q - 26*q + 2284 = 0, x = -2*q + p. List the prime factors of x.
2, 283
What are the prime factors of 3 + 3 - (-37 - 2843)?
2, 3, 13, 37
Let u(z) = 44 + 50 + 44 - 176 + 44 + 4*z. Suppose 15 = -3*r, -3 = q + r - 0*r. List the prime factors of u(q).
2, 7
What are the prime factors of 1 - -25811 - ((-45 - -28) + 19)?
2, 5, 29, 89
Let l(u) = 75*u**2 + 62*u - 822. What are the prime factors of l(12)?
2, 3, 1787
Suppose -9*z - 96982 = -46*z + 828425. List the prime factors of z.
3, 7, 397
Let n = -115 - -136. Let a = n + 122. List the prime factors of a.
11, 13
Let w(o) = -1094*o**3 + o**2 + 2*o - 1. Let m be w(1). Let r = -595 - m. List the prime factors of r.
7, 71
Let b(j) = 10225*j**2 + 57*j + 59. List the prime factors of b(-1).
3, 7, 487
Suppose -3775 = -434*u + 433*u + 3*w, 4*w + 15060 = 4*u. What are the prime factors of u?
2, 5, 47
Let b = 1400 + -861. Let v be ((-72)/(-60))/((-3197)/800 - -4). Let h = b - v. What are the prime factors of h?
3, 73
Let r = -183 + 187. Let h(n) = 4*n**2 - 7*n + 12. Let l(u) = -u**2. Let x(g) = -h(g) - 5*l(g). What are the prime factors of x(r)?
2
Suppose -3*a + 15 = 0, -6*m + 9*m + 5*a = 178. Let x = 1028 + m. What are the prime factors of x?
13, 83
Suppose -240*r + 244*r + 80 = 0. Suppose 0 = a - 0*a - 10. List the prime factors of 4/a + (-1172)/r.
59
Let k be (-80)/14 - 40/140. Let l(m) = m**2 - m + 1. Let f(z) = z**3 + 6*z**2 + 8*z - 16. Let q(g) = f(g) + 2*l(g). List the prime factors of q(k).
2, 11
Let b = 110 - 96. Suppose 0 = -b*m + 5*m + 18. Suppose 5*d - 4*u - 83 = 60, -m*d = -4*u - 50. List the prime factors of d.
31
Let j(i) = 7*i - 1. Let c(a) = a**3 - a - 4. Let q be c(0). Let t be 1800/108 - 3/((-18)/q). List the prime factors of j(t).
3, 37
Let i(v) = v**3 + 3*v**2 - 11*v - 3. Let k be i(-5). Suppose 3*o + 12 = 0, n - 18 = k*n - o. List the prime factors of -1*2138/n - (-8)/(-44).
97
What are the prime factors of (-576856)/(-32) - (-91)/364?
3, 2003
Suppose 6*s = 11*s - 105. Let x be (-122)/3 + 7/(s/2). Let u = x + 64. What are the prime factors of u?
2, 3
Let l(v) = 283*v**2 - 330*v + 1639. List the prime factors of l(5).
2, 883
Suppose 55*k + 57865 - 306740 = 0. What are the prime factors of k?
5, 181
Let y(h) be the third derivative of h**5/60 + 7*h**4/12 + 25*h**3/6 + 49*h**2. Let p be ((-1)/(-1) + 3)*-4. What are the prime factors of y(p)?
3, 19
Let o be (-3 + 4)*-2*(-220)/8. Let h = 58 + o. List the prime factors of h.
113
Suppose -q = -4*o - 31, q - 6*q + 91 = -4*o. Suppose -q = -f + 83. Suppose 0 = 4*m - f + 6. What are the prime factors of m?
23
Let q(c) = -21*c + 5. Let s be q(-15). Let r = s + -229. List the prime factors of r.
7, 13
Suppose -5*i - 465 = 710. Let l = 154 - i. Let o = -236 + l. List the prime factors of o.
3, 17
Let n be 116/12 - 2/3. Suppose -n*h + 19216 - 7246 = 0. What are the prime factors of h?
2, 5, 7, 19
Let v = 43 + -38. Suppose v*g = -6*g + 2508. Suppose 3*a + 3*h = 348, -5*h = -3*a + 552 - g. What are the prime factors of a?
113
Suppose -2*j - 1 = -4*i + 3, 4*i = -4. Let a be ((-2)/j - 1)/((-26)/104). What are the prime factors of ((a - 0) + 18/12)*36?
2, 3, 7
Let u be 35*(28/5 + -6). List the prime factors of (-4)/u*1555 + (-2)/7.
2, 3, 37
List the prime factors of 326276/10 - 18*(-26)/(-780).
7, 59, 79
Let k(z) = z**3 - 6*z**2 - z - 20. Let o(l) = -l**3 + 5*l**2 + l + 20. Let b(p) = -3*k(p) - 2*o(p). List the prime factors of b(6).
2, 7
Let v(h) = h**3 - 12*h**2 + 29*h - 15. Let s be v(9). List the prime factors of 19514/(-66)*s/(-1).
887
Suppose -4*h + 9*h = -i + 14, -4*i = -5*h + 19. Suppose 0 = h*d - 946 - 131. What are the prime factors of d?
359
Let x(r) = r**2 - 78*r - 402. What are the prime factors of x(-57)?
3, 11, 13, 17
Let w = -1007 - -1292. What are the prime factors of w?
3, 5, 19
Suppose -4610 = -n + 4*l, 0 = 7*n - 11*n + l + 18440. Suppose 5*d + 4*v = n, 4*d - v - 691 - 3018 = 0. List the prime factors of d.
2, 463
Suppose -263*n + 136*n = -6169406. List the prime factors of n.
2, 107, 227
Suppose -s = 3 - 2, 4*w = -s + 1179. Let b = -269 + w. List the prime factors of b.
2, 13
Let o be 2/4 + 55/(-10) + 3. Let f(s) = -s + 1. Let h(p) = -1. Let n(d) = 2*f(d) + 4*h(d). What are the prime factors of n(o)?
2
Suppose -3*x = x - 5880. Let p = 2630 - x. What are the prime factors of p?
2, 5, 29
Let h = -99 + 177. Let a = 106 + h. Suppose -a = -10*t + 6*t. What are the prime factors of t?
2, 23
Let c = 653 + -325. Let r = 475 - c. List the prime factors of r.
3, 7
Suppose -2582 = -4*t + 5*v, -5*v - 861 = -t - 208. List the prime factors of t.
643